*w + 10*w - s, -4*w + 2*s + p = 0. List the prime factors of w.
2, 239
Suppose 3*g = d + 113498, d - 289188 = -5*g - 100022. List the prime factors of g.
3, 12611
Suppose -9*i + 7019 - 1691 = 0. Suppose -4*q + 2*q = -i. What are the prime factors of q?
2, 37
Suppose 132*u = 1564196 + 441379 + 1017753. What are the prime factors of u?
2, 7, 409
Let o(u) = 2*u**3 + 85*u**2 + 163*u + 43. What are the prime factors of o(-34)?
14153
Suppose 3*p - 1548 = 3*i, -4*p - 2513 - 58 = 5*i. Let x = 1331 + i. List the prime factors of x.
2, 3, 17
What are the prime factors of (225252/72)/(1/2)?
6257
Suppose f - 2*p = 121 + 158, 5*p = 0. Let t = 18 + f. List the prime factors of t.
3, 11
Let u be 11/7*(-40 - -47). Suppose 9*x - 805 = 4*x. Suppose -u*g + 37 = -x. What are the prime factors of g?
2, 3
Suppose 5*x + 69*b - 65*b = 45022, 2*b = -3*x + 27012. List the prime factors of x.
2, 7, 643
Let q(n) = -3*n + 453. Let i be q(0). Suppose i = -j - 3*w, -1088 - 1189 = 5*j + 3*w. Let x = j + 695. What are the prime factors of x?
239
Suppose m = 2*w - 39157, -2*w + 22186 + 16972 = -2*m. What are the prime factors of w?
2, 3, 13, 251
What are the prime factors of (-9 + (-124)/(-12))*24369?
2, 8123
List the prime factors of (-4131364)/(-84) + (-54)/(-243)*(-6)/(-14).
137, 359
Let h(d) = d**3 - 13*d**2 + 5*d - 20. Let i be h(9). Let q = 1314 + i. What are the prime factors of q?
5, 7, 29
Suppose -9*v - 3*v = -7*v - 28450. What are the prime factors of v?
2, 5, 569
Let b(h) = 2*h**2 - 170*h + 519. What are the prime factors of b(91)?
3, 179
Suppose 3*z - 5*r = -271, -4*z - 2*r = -2*z + 170. Let l = 329 + z. Suppose -89 = -x - s, 3*x + s - l = 3*s. What are the prime factors of x?
2, 3, 7
Let s(n) = 494*n + 322. What are the prime factors of s(15)?
2, 1933
Let m(v) = -4*v + 22. Let s be m(5). Suppose 0 = -4*p - 20, -2*d = s*p + 18 - 6. List the prime factors of (1 - d)/(4/176).
2, 11
Suppose -2*j - 19 = -2*x + 3*j, 33 = 3*x - 3*j. Let q = x - 10. Suppose -f + 2*f + 2*w = 69, -q*f = 3*w - 139. List the prime factors of f.
71
Suppose 4*i = x + 4188, -2*i - x = -i - 1047. Let f = -469 + i. What are the prime factors of f/6 + 1/(-3)?
2, 3
Suppose -11 + 41 = 5*r. What are the prime factors of (-2472)/16*r/(-9)?
103
What are the prime factors of 4/(-54) + (-66478022)/(-2538)?
3, 8731
Suppose 4*i + 3*x - 447 = 8*x, 2*x - 567 = -5*i. Let n be 7 - (-1)/(1/(-2)). Suppose -i = n*o - 578. What are the prime factors of o?
3, 31
Let i(v) = -v**3 + 11*v**2 + 19*v + 51. What are the prime factors of i(-14)?
5, 937
Suppose 4*d - 16 = 0, d = -0*r + r - 122. Suppose -118*n - 2440 = -r*n. List the prime factors of n.
5, 61
Let t(f) be the third derivative of 7/6*f**3 + 5/24*f**4 + 0 + 15*f**2 + 0*f. List the prime factors of t(11).
2, 31
Suppose q = -8*f + 13*f - 136908, 3*f = q + 82146. List the prime factors of f.
3, 9127
Suppose 4*c = 3*m - 288 + 29, -3*c = 4*m - 337. Suppose -f + m = -90. List the prime factors of f.
5, 7
Let y(u) = u**3 - 6*u**2 - 2*u + 3. Let a be y(6). Let h(w) = 3*w**2 - 104 + 84 + 0*w + 9*w - w**2. What are the prime factors of h(a)?
61
Let s be 2/12 + (-16515)/(-54). Suppose -39*k - s = -42*k. What are the prime factors of (2 + -1)*3 + k?
3, 5, 7
Suppose 2 - 18 = -4*u. Let j be 880/16 - (5 + -1). Suppose 3*z - 181 = -u*n, j = z + 2*n - 3*n. List the prime factors of z.
5, 11
Suppose -56*l + 55*l + 5090 = -3*s, 0 = -2*l + 4*s + 10186. What are the prime factors of l?
5099
Suppose 0 = 2*x - x + 108. Let v = x + 162. Let s = 133 - v. What are the prime factors of s?
79
Suppose -23304 = -o + 4*v, 7 - 15 = 4*v. Suppose 4*c - o = -28*c. List the prime factors of c.
2, 7, 13
List the prime factors of ((-7)/((-441)/(-13644)))/1*-7.
2, 379
Suppose -8*t + 177200 = 4*t - 2*t. List the prime factors of t.
2, 5, 443
Let v = 7747 - 4047. What are the prime factors of v?
2, 5, 37
Let h(o) = -6542*o - 5086. What are the prime factors of h(-6)?
2, 11, 1553
Let l(q) = -q**3 - 7*q**2 + 4*q + 8. Let k be l(-6). Let a = -50 - k. List the prime factors of a.
2
Let l = -3907 + 11046. List the prime factors of l.
11, 59
Let d = -87 - -79. Let k be (-1)/2 - (44/d)/(-11). What are the prime factors of (-4 - (-597)/(-15))*(-6 - k)?
3, 73
Let v(r) = -14*r + 154 + 3*r + 4*r - 5*r. What are the prime factors of v(0)?
2, 7, 11
Let s be -7 + 4 + (262 - 3). Let a = s - -276. What are the prime factors of a?
2, 7, 19
Suppose 5*y + 206 = 231. Suppose 0 = y*f + 16*u - 21*u - 270, 0 = 5*f - 3*u - 276. List the prime factors of f.
3, 19
Let b(i) = -i**3 - 62*i**2 - 196*i - 56. List the prime factors of b(-60).
2, 563
Let a(h) = -3*h**2 - 19 + 26*h**2 + 23*h**2 - 13 - 3*h + 20*h**2. What are the prime factors of a(-4)?
2, 7, 37
Let k(c) = -c**3 + 10*c**2 + 10*c + 17. Let n be k(11). Let q be -2 + n - 22 - 0. Let z = q + 105. List the prime factors of z.
3, 29
Let s(x) = -23*x + 207. Let j be s(9). Suppose 0*r = -5*l - 2*r + 3970, 3*l - 5*r - 2413 = j. What are the prime factors of l?
2, 199
Suppose -7*h - 11*h = -3*h - 118590. List the prime factors of h.
2, 59, 67
Let y = -1 + -2. Let u(h) = 7*h**3 + 3*h**2 - 4*h - 4. Let i be u(y). Let x = i - -261. What are the prime factors of x?
107
Let x(h) = -37*h**2 + 40*h + 137. Let v(j) = -j + 1. Let q(n) = -6*v(n) - x(n). List the prime factors of q(-5).
2, 7, 17
Let z(d) = 4*d**2 + 1. Let p be z(1). Suppose -11 + 186 = -p*c. What are the prime factors of (-1976)/(-10) - (2 - c/(-25))?
197
Let f(n) = n**3 + 14*n**2 + 3*n + 6. Let t = -55 + 42. Let a be f(t). Let x = a + -88. List the prime factors of x.
2, 3
Let y = 5658 + 6939. List the prime factors of y.
3, 13, 17, 19
Suppose -5*g = 4*v - 710, 5*v + 5*g - 885 = -0*g. Suppose 240 = 5*b - v. Suppose -3*a + s = -206, -b - 61 = -2*a + 4*s. What are the prime factors of a?
2, 17
Suppose 5*r = -3*n + 23841, -11*n - 4761 = -r - 14*n. What are the prime factors of r?
2, 3, 5, 53
Let h = -72 - -215. Suppose -5*s - 319 = 9*v - 7*v, s + 3*v = -69. Let m = s + h. List the prime factors of m.
2, 5
Let v be (-4 - 1)/((8/40)/1). What are the prime factors of (-1)/(-5) - 15945/v?
2, 11, 29
Suppose 76*y - 1880978 = 558774. List the prime factors of y.
2, 7, 2293
Let o be 2 + -1 + -3 + 3. Suppose 2*j - 9 = -o. Suppose -51 = -5*y + j*y. List the prime factors of y.
3, 17
Let g(w) = 5*w**2 - 17*w + 16. Let o = -139 - -148. List the prime factors of g(o).
2, 67
Suppose 19 = 4*r + 7. Let j be ((-2)/r)/((-2)/(-3)) + -5. What are the prime factors of (1044/(-48))/(j/40)?
5, 29
Let l(d) = -12*d + 29. Let t be l(2). Suppose 12 = -5*p - 13, -t*m - 3*p + 465 = 0. What are the prime factors of m?
2, 3
Let k(i) = -i**2 - 4*i + 24. Let t be k(-7). Suppose -6604 = t*y - 16*y. List the prime factors of y.
2, 127
Let p = -269 - -24557. What are the prime factors of p?
2, 3, 11, 23
Let k(n) = -2*n**3 + n**2 + 3*n + 62641. What are the prime factors of k(0)?
37, 1693
Let a(z) = 664*z**2 - 2*z. Let c(u) = -3*u**2 + 20*u - 11. Let d be c(6). What are the prime factors of a(d)?
2, 331
Suppose -4470 = 5*r + 2*n, -3*r - 2681 = 2*n - n. Let c = r + 1616. List the prime factors of c.
2, 181
Suppose 0 = -4*h - 756 - 356. Let z = 465 + h. Suppose -7*t + z + 366 = 0. List the prime factors of t.
79
Let w(k) = 21*k**3 + 6*k**2 - 6*k + 4. Suppose 0 = 725*p - 716*p - 27. List the prime factors of w(p).
607
List the prime factors of 72*(-4*5726/(-840) - 4/(-10)).
2, 3, 83
Let z = 22109 - -751. List the prime factors of z.
2, 3, 5, 127
Suppose 95*w - 43306 - 60909 = 0. What are the prime factors of w?
1097
What are the prime factors of (-292432)/(-104) + 1 - 24/(-156)?
29, 97
Let a = -3524 - -2179. Let h = -259 - a. List the prime factors of h.
2, 3, 181
List the prime factors of 15/(-2)*18830/(-175) + 4.
811
Suppose -p + 0 + 4 = 0. Let d(t) = 4*t**3 - 8*t**2 + 5. Let f be d(p). Suppose -f = -2*u + 37. List the prime factors of u.
5, 17
Let q be 226 + 3 + 1 + 2 + -3. Suppose 0 = m + 4*o - q, -o + 2*o - 486 = -2*m. List the prime factors of m.
5, 7
Let p(r) = 153*r + 617. Let d be p(-4). Let i(h) = h + 9. Let q be i(-6). Suppose 0*o = 3*o - d*y - 461, -q*y = 12. List the prime factors of o.
3, 7
Let u(q) = 7076*q + 15334. List the prime factors of u(6).
2, 5, 5779
List the prime factors of (729/54 - 12)/(3/74596).
2, 17, 1097
Suppose 14 + 3 = 3*m - 